ime factors of l(-5).
2, 3
Let l = 70 - 7. Let m = l - 45. What are the prime factors of (968/6)/(((-48)/m)/(-4))?
2, 11
Let h be (10221/(-4))/(-1*15/20). List the prime factors of h/5 - (-30)/(-75).
3, 227
Let t(d) = -2*d + 4. Let x be t(-9). Suppose 19*o - 3 = x*o. What are the prime factors of o*(4 - 17) + 2?
3, 5
Let t(v) = 17*v**2 - 2*v. Let k = 35 - 38. Let q be t(k). Suppose -q*s - 106 = -160*s. List the prime factors of s.
2, 53
Let f be (1 + -2)/(3/9). Let c be (-2 - f)*18/6. Suppose 2*m + 7*n - 77 = 6*n, -c*n + 31 = m. List the prime factors of m.
2, 5
Suppose 12*x = 5*x. Let y = 10 - 9. Suppose -38 = -2*o + 4*t, -t = -x*t + y. List the prime factors of o.
17
What are the prime factors of (-8)/(-44) - ((-16024557)/187 + -19)?
2, 11, 487
Let j(h) be the third derivative of -h**5/30 + 3*h**4 + 5*h**3 + 2*h**2 - 2. What are the prime factors of j(36)?
2, 3, 5
Let o = 1301 + 3185. List the prime factors of o.
2, 2243
Let k = 7 + -22. Let v be (-2615)/k + 1/(-3). Suppose -3*r = -5*r + v. List the prime factors of r.
3, 29
Suppose -20 + 65 = 5*r. List the prime factors of (-1 - (-8421)/r) + (-34)/(-102).
5, 11, 17
Suppose -24972 = -2*t - 2*p, -2*t + 1655*p - 1653*p = -24976. What are the prime factors of t?
12487
Suppose 210*d - 189447 - 9471393 = 0. List the prime factors of d.
2, 7, 31, 53
Let m = 51 - 45. Suppose 452 = -m*n + 26. Let p = n + 75. What are the prime factors of p?
2
Suppose 161657 = 10*l - 89793. List the prime factors of l.
5, 47, 107
What are the prime factors of (840864/(-64) + 5)/(1/(-2)*1)?
26267
Let r = -13831 - -17988. What are the prime factors of r?
4157
Suppose -3*f + 5*k = -410, -3*f + 286 = -f + 3*k. Suppose -t = -5*r + 61 + 114, -4*r - 4*t = -f. Suppose 2*g - 45 - r = 0. What are the prime factors of g?
2, 5
Let l = 85 + -154. Let g = 80 + l. Suppose g*a - 7*a = 48. List the prime factors of a.
2, 3
Let m(h) = 10*h**3 - 7*h**2 - 8*h + 2. Let o be m(7). What are the prime factors of (33 + -37)*(o/(-12) + 0)?
3, 337
What are the prime factors of 2/(-3) - (-8 - 104144/12)?
2, 43, 101
Let n(l) = 10*l**3 - 2*l - 1. Let w be n(-1). Let k(x) = 3*x + 28. Let o be k(w). Let d(s) = 97*s**2 + s - 1. List the prime factors of d(o).
97
Suppose -10*d - 55 + 135 = 0. Suppose 2894 = d*x - 634. What are the prime factors of x?
3, 7
Suppose u - 3*z = 32007, 52401 = 4*u - 3*z - 75690. List the prime factors of u.
2, 3, 17, 157
Let u = -6502 - -7210. Let c(r) = r**3 + 6*r**2 - r + 5. Let m be c(-6). Suppose -m*v = -5*v - u. List the prime factors of v.
2, 59
Suppose 32 = -5*g + 47. Suppose 3*n + 18 = -k, g*k + 8*n = 5*n - 72. Let u = k + 108. What are the prime factors of u?
3
Let z be (-783)/15*(-5 + 0). What are the prime factors of 308/42*z/6?
11, 29
Let n(j) = 39*j**2 - 100*j + 77. List the prime factors of n(18).
7, 1559
Let q be 1 + -1 - (3 - -1). Let f be ((-1344)/(-20))/q*(-20)/(-6). Let a = -39 - f. List the prime factors of a.
17
Suppose 2*i = z + 4705 + 11748, -5*i - 4*z = -41152. List the prime factors of i.
2, 11, 17
Suppose -15 = 3*p, -5*p = -0*z - 3*z + 67. Suppose 6*i - 13*i = -z. Suppose 3*g = 5*d + 203, 0 = -g - i*d - d + 49. What are the prime factors of g?
61
Suppose 4*m + m = 10. Suppose 2*p - 370 = -2*q, -m*p + 350 = -0*p - 2*q. Let o = p + -101. List the prime factors of o.
79
Suppose 4*x + 0*x - 5*o = 30390, -3*x + 22787 = -o. List the prime factors of x.
5, 7, 31
Let c(d) = -d**3 - d**2 - 3*d - 23. Let q be c(-9). What are the prime factors of (-35)/7*q/(-20)?
163
Suppose -4*u = -112264 - 101712. What are the prime factors of u?
2, 7, 3821
Let q = 15262 + 64765. List the prime factors of q.
79, 1013
Let r(f) = -79*f**3 - 2*f**2 - f. Let x be r(-1). Let l(v) = 2*v + 32. Let d be l(-5). Let q = x - d. What are the prime factors of q?
2, 7
Let l = -14 + 7. Let q(u) = -26*u + 22. Let w(z) = 13*z - 10. Let b(p) = 3*q(p) + 5*w(p). List the prime factors of b(l).
107
Suppose -4*f = 2*l - 1686, -2*l - f + 1614 = -57. Let d = l - -393. What are the prime factors of d?
2, 613
Let h(d) = -d**3 - 34 - 23*d**2 - 18*d + 7*d**2 + 19*d**2. List the prime factors of h(-10).
2, 3, 241
Let l(o) = o**3 - 40*o**2 - 41*o + 4. Let a be l(41). Suppose 2*r - a*w = -w + 518, -3*r + 3*w = -777. List the prime factors of r.
7, 37
Let n be 3/(-21) - 42414/42. Let q = n + 1446. What are the prime factors of q?
2, 109
Let o(c) = 23*c**3 + 14*c**2 - 65*c - 36. List the prime factors of o(9).
2, 3, 5
Suppose -42*t - 60214 = -24*t - 32*t. What are the prime factors of t?
11, 17, 23
Suppose -9*q + 11*q = 14, 5*u = 2*q + 65281. What are the prime factors of u?
3, 1451
What are the prime factors of ((-2)/(-16))/(168/107072)*(143 - 2)?
47, 239
Suppose -4*a - 184 = -f, 5*f + 114 = -2*a + 990. Suppose 4*o + b = -0*b + 223, 0 = -3*o + b + f. Suppose -3 = k - o. What are the prime factors of k?
2, 3
Let p(f) = -1571*f**3 + 4*f**2 + 4*f. Let x = -156 + 155. What are the prime factors of p(x)?
1571
Let g be 320/(-60)*(0 + (-15)/4). Suppose 5644 = g*l - 3*l. List the prime factors of l.
2, 83
Let q(v) = 2*v**2 - 88*v - 3977. List the prime factors of q(100).
31, 233
Suppose -5*q - 197 = -212, q = -5*j + 54758. List the prime factors of j.
47, 233
Suppose 11*z - 7*z = -344. Let j = -84 - z. Let t(m) = 22*m**2 + 2*m - 2. List the prime factors of t(j).
2, 3, 5
Suppose 3*t = 12*t + 1215. Let f = 139 + t. What are the prime factors of 143 + (-9 - -1)/f?
3, 47
Let j(h) = -h**2 + 5*h + 3. Let x(o) = -o. Let d(t) = -j(t) + 6*x(t). Let b be d(9). What are the prime factors of (23 - -1)*b/(-12)?
2, 3, 7
Let b = 8003 - 4885. List the prime factors of b.
2, 1559
Let d(b) = 2264*b + 29. Let o be d(3). Suppose 4259 = 8*y - o. What are the prime factors of y?
5, 277
Let r(d) = 1411*d**2 + 4*d - 3. List the prime factors of r(-2).
43, 131
Suppose 5*m - 6*m - 138 = 0. Let f = m + 237. What are the prime factors of f?
3, 11
Let p = 4306 - 1403. List the prime factors of p.
2903
Let h = -35708 - -59293. What are the prime factors of h?
5, 53, 89
List the prime factors of 14487/(-1*(-6 + 297/55)).
5, 11, 439
List the prime factors of (11 - (3 - -7))*10215.
3, 5, 227
Let u(o) be the second derivative of o**4 + o**3/3 + 2*o**2 + 44*o. Let b be u(8). Suppose b = 38*q - 34*q. What are the prime factors of q?
197
Let b = 115 + -110. Suppose 3*r - 4*d - 1218 = 0, 0*d + 4*d = -b*r + 2062. List the prime factors of r.
2, 5, 41
Let d be 6 - ((-20)/5 + 2). Let p be 23/(-184) + (-1)/d*-17. Suppose -p*k + 90 + 108 = 0. List the prime factors of k.
3, 11
Let n be 0/3 - (6 - 4 - 7). List the prime factors of 28/(-2 - n)*109/(-1).
2, 109
Let c(g) = -g**3 - 17*g**2 - 14*g + 46. Suppose 3*y + 57 = -0. List the prime factors of c(y).
2, 11, 47
Let j be (45 + -4849)/(2/2*-2). Let s = j + -1684. List the prime factors of s.
2, 359
Let k = 151 + -150. What are the prime factors of -2*k*((-1029)/14 - 4)?
5, 31
Let m(t) = t**2 + 27*t - 18. Let p be m(-23). What are the prime factors of ((-8109)/(-265))/((-3)/p)?
2, 3, 11, 17
Let g(y) = 2780*y + 477. What are the prime factors of g(1)?
3257
Let l(q) = q**3 - 4*q**2 - 9*q - 2. Let p be (30/8)/((-5)/(-20)). Let w be (-10)/p*6 + 11. What are the prime factors of l(w)?
2, 41
Let z(b) = 82*b + 32. Let l be z(6). Let x = l - 378. What are the prime factors of x?
2, 73
Let d(w) = 1132*w - 1996. What are the prime factors of d(7)?
2, 3, 13, 19
Let z(r) = -17*r + 2. Suppose 2*u + y - 5 = 0, -u + 3*y = 2*u - 12. Suppose 0 = u*w - 25 + 40. What are the prime factors of z(w)?
3, 29
Let d = -18 - -22. Let t(i) = 2*i**2 - 33 + 2*i - i**2 + i**3 - 6*i + 31. What are the prime factors of t(d)?
2, 31
Suppose 0 = -30*t + 35*t - 45. Suppose t = -3*s + 51. What are the prime factors of 1088/s - 10/(-35)?
2, 3, 13
Let u(s) = -2*s**2 + 71*s - 93. List the prime factors of u(27).
2, 3, 61
Let w be (-2)/3 - 12/((-396)/58333). Let k = w + -446. What are the prime factors of k?
1321
Suppose -16 = w - 4*n - 24, -9 = -w + 5*n. Suppose -l - w*l = -2135. What are the prime factors of l?
7, 61
Let o = 996 - 842. What are the prime factors of o?
2, 7, 11
Let l be 2/3 + (34692/18 - -4). Suppose 2*q = -3*o + l, 3*o = 4*q - 9*q + 1932. What are the prime factors of o?
2, 7, 23
Let t be (-26)/(-78) - 8/(-3). Suppose -5*h + 2361 = 4*w, -t*w - 5*h = -10*h - 1762. What are t